e
Does 1535 divide 265205687?
False
Is 57977572 a multiple of 244?
True
Is 802806158 a multiple of 11?
True
Does 3626 divide 2093695912?
True
Does 55 divide 254391133?
False
Is 11 a factor of 76377540?
False
Does 1225 divide 29126825?
True
Is 295533780 a multiple of 2987?
True
Is 1924020339 a multiple of 18?
False
Is 6821 a factor of 1708046610?
True
Is 38 a factor of 45817246?
True
Is 58 a factor of 38035646?
True
Does 2828 divide 184477624?
False
Does 16 divide 864144302?
False
Is 3740 a factor of 776980?
False
Does 15 divide 1463952375?
True
Is 2485610946 a multiple of 126?
True
Is 431057046 a multiple of 42?
True
Does 21 divide 79716568?
False
Is 8980561 even?
False
Is 1418 a factor of 567151534?
False
Is 526666158 a multiple of 488?
False
Is 20 a factor of 1765301?
False
Is 59209844 a multiple of 368?
False
Is 9990759 a multiple of 489?
True
Is 432439606 a multiple of 2896?
False
Is 66065926 a multiple of 60?
False
Is 14 a factor of 554478820?
True
Is 2 a factor of 15007518?
True
Is 11 a factor of 34770296?
True
Is 1255 a factor of 34398283?
False
Does 23 divide 3445007?
False
Is 14264537 a multiple of 42?
False
Is 252216107 a multiple of 13?
True
Does 168 divide 2908498152?
True
Is 21088424 even?
True
Does 10 divide 456023587?
False
Is 587 a factor of 2732481023?
False
Is 539 a factor of 456929165?
True
Is 11384730 a multiple of 531?
False
Is 12015440 a multiple of 406?
False
Is 21 a factor of 985725?
False
Is 14 a factor of 56367390?
False
Does 2 divide 5795199?
False
Is 40563016 a multiple of 13?
True
Is 44334521 a multiple of 8?
False
Does 3310 divide 673184583?
False
Does 119 divide 2562784?
True
Is 26 a factor of 4303010?
False
Is 274925807 a multiple of 13?
True
Is 546 a factor of 905026668?
True
Is 7 a factor of 2448125?
False
Is 1327685700 a multiple of 75?
True
Is 616 a factor of 56111440?
True
Is 115812307 a multiple of 23?
False
Is 187 a factor of 2024450032?
True
Is 134332946 a multiple of 34?
True
Does 66 divide 455942124?
True
Is 17 a factor of 52602675?
True
Does 4 divide 341835280?
True
Is 51 a factor of 647411984?
False
Is 248 a factor of 9534998?
False
Is 45 a factor of 128615985?
True
Is 800 a factor of 511923200?
True
Is 90158276 a multiple of 13?
True
Does 50 divide 12245840?
False
Is 64 a factor of 128043200?
True
Is 80973205 a multiple of 185?
True
Is 10084192 a multiple of 146?
False
Is 37597852 a multiple of 151?
False
Is 483205198 a multiple of 215?
False
Is 47 a factor of 45394622?
False
Is 1317 a factor of 408317412?
True
Is 15483897 a multiple of 681?
True
Is 5 a factor of 259707897?
False
Is 80764299 a multiple of 21?
True
Is 5478998 a multiple of 68?
False
Is 3336297 a multiple of 11?
False
Is 256 a factor of 2684755968?
True
Is 280107874 a multiple of 762?
False
Is 3624216768 a multiple of 576?
True
Is 75260715 a multiple of 1135?
True
Is 175875934 a multiple of 43?
True
Is 34780781 a multiple of 1635?
False
Is 843 a factor of 103308336?
False
Does 41 divide 99961056?
False
Is 88 a factor of 57343352?
True
Does 3286 divide 62246607?
False
Is 4699 a factor of 36356163?
True
Does 135 divide 32770170?
True
Does 35 divide 16510008?
False
Is 8339650 a multiple of 3245?
True
Is 66682432 a multiple of 167?
True
Is 43 a factor of 252346317?
True
Does 5380 divide 434639440?
True
Is 222 a factor of 180421709?
False
Is 5830340 a multiple of 1340?
True
Is 6530 a factor of 337189610?
True
Is 17 a factor of 33082239?
False
Is 2 a factor of 501478172?
True
Does 13 divide 186744740?
True
Is 100 a factor of 59686420?
False
Is 14547373 a multiple of 6?
False
Is 18 a factor of 32132250?
True
Does 60 divide 571963080?
True
Does 62 divide 86035664?
True
Is 58 a factor of 65125073?
False
Is 1006 a factor of 35655364?
False
Is 64471375 a multiple of 53?
False
Is 163896520 a multiple of 470?
True
Does 3429 divide 44017436?
False
Is 3423278760 a multiple of 5324?
True
Is 201 a factor of 5444889?
True
Is 84 a factor of 308100996?
True
Does 8 divide 54522216?
True
Does 115 divide 71961924?
False
Is 34644535 a multiple of 140?
False
Is 788585994 a multiple of 798?
True
Is 20 a factor of 49613340?
True
Is 33 a factor of 61285653?
True
Is 50 a factor of 593732?
False
Does 25 divide 1524586195?
False
Is 1663750343 a multiple of 78?
False
Does 835 divide 566816370?
True
Is 2366 a factor of 923762112?
True
Is 128185290 a multiple of 15?
True
Is 13 a factor of 119074865?
True
Is 2 a factor of 658435360?
True
Is 443 a factor of 25040094?
False
Is 1234 a factor of 556345173?
False
Does 2 divide 28988918?
True
Does 26 divide 75372746?
False
Does 261 divide 148416084?
True
Does 12 divide 5001451?
False
Is 35 a factor of 10897040?
True
Does 6 divide 102931602?
True
Is 3537 a factor of 375254531?
False
Is 2956 a factor of 141409128?
True
Is 2295 a factor of 1139653395?
True
Is 585718841 a multiple of 47?
True
Does 271 divide 15949614?
False
Does 18 divide 63849456?
True
Is 138726214 a multiple of 4957?
False
Does 6 divide 562477401?
False
Does 386 divide 111931894?
True
Does 121 divide 17276364?
False
Does 2005 divide 69457210?
True
Is 3655718 a multiple of 22?
True
Does 5 divide 16792195?
True
Is 19732482 a multiple of 759?
True
Is 567 a factor of 158990869?
False
Is 70 a factor of 2004214402?
False
Is 5 a factor of 1140768760?
True
Does 1336 divide 21559620?
False
Does 13 divide 1423982508?
True
Does 340 divide 116156240?
True
Is 16 a factor of 332527664?
True
Does 4 divide 1214070592?
True
Is 3221 a factor of 2592299452?
True
Is 6316 a factor of 917798037?
False
Does 198 divide 72439005?
False
Does 941 divide 3228571?
True
Is 330 a factor of 95448210?
True
Is 1963 a factor of 26435712?
False
Is 607376782 a multiple of 19?
False
Is 1016970656 a multiple of 17?
False
Is 812 a factor of 785885051?
False
Does 5 divide 136043828?
False
Is 3075 a factor of 43564168?
False
Is 3333 a factor of 74428587?
False
Is 12869235 a multiple of 142?
False
Does 8 divide 17607472?
True
Is 1382 a factor of 43228960?
True
Is 1560 a factor of 265184401?
False
Is 104208524 a multiple of 705?
False
Is 252715200 a multiple of 12?
True
Does 16 divide 75691680?
True
Is 11780998 a multiple of 1234?
True
Is 1375 a factor of 79406250?
True
Is 113 a factor of 1879191582?
True
Is 1308082188 a multiple of 53?
True
Does 15 divide 71348677?
False
Is 16 a factor of 3235917?
False
Does 33 divide 4278462?
False
Is 9953553 a multiple of 9?
False
Is 34010109 a multiple of 132?
False
Is 275 a factor of 1916372700?
True
Does 206 divide 10851969?
False
Does 86 divide 1582934434?
False
Is 1624261930 a multiple of 74?
False
Is 24 a factor of 207115358?
False
Does 794 divide 9093682?
True
Is 1100 a factor of 57313300?
True
Does 1726 divide 501064704?
True
Is 732 a factor of 577738320?
True
Is 562047069 a multiple of 5725?
False
Is 79 a factor of 5759826?
False
Does 5 divide 953890839?
False
Is 3 a factor of 150358368?
True
Does 280 divide 41136593?
False
Is 7 a factor of 490238?
True
Is 83 a factor of 119875897?
False
Does 10 divide 856281583?
False
Is 11 a factor of 470401140?
True
Is 100 a factor of 446065950?
False
Is 5911683 a multiple of 2126?
False
Is 17493969 a multiple of 978?
False
Does 15 divide 156598840?
False
Does 106 divide 1058198?
True
Does 22 divide 1099893520?
True
Does 81 divide 167192505?
True
Is 47006424 a multiple of 72?
True
Does 375 divide 14073375?
True
Does 3967 divide 29062242?
True
Is 284 a factor of 849156875?
False
Is 38117517 a multiple of 24?
False
Does 1473 divide 3998111002?
False
Is 163 a factor of 3372524?
False
Does 1930 divide 1022917370?
True
Is 58 a factor of 1926642934?
False
Is 87 a factor of 173910865?
False
Does 73 divide 22813771?
False
Is 27709440 a multiple of 15?
True
Is 81267072 a multiple of 1888?
True
Is 663319255 a multiple of 13?
False
Does 1435 divide 23109240?
True
Is 11476392 a multiple of 1133?
False
Does 48 divide 6460704?
True
Is 33 a factor of 1566908980?
False
Does 220 divide 59848360?
True
Is 7 a factor of 9756859?
True
Is 325 a factor of 704378025?
True
Is 104 a factor of 49108126?
False
Does 49 divide 298114726?
True
Does 767 divide 138554715?
True
Is 4359 a factor of 538045938?
False
Does 1677 divide 786458507?
False
Is 880 a factor of 167092640?
True
Is 21500704 a multiple of 152?
True
Does 98 divide 683226992?
True
Is